s 37 + -10?
27
In base 16, what is a18 + 4?
a1c
In base 12, what is -93 + -60?
-133
In base 12, what is -81 + -31?
-b2
In base 10, what is 1106 - 4?
1102
In base 5, what is -20 + 122?
102
In base 11, what is -1 - 11?
-12
In base 6, what is 22 - -15?
41
In base 14, what is -b - -63a?
62d
In base 4, what is -11 + -220?
-231
In base 11, what is -4 - -1617?
1613
In base 7, what is 21 - 500?
-446
In base 10, what is -401 - -1?
-400
In base 9, what is 1066 + -11?
1055
In base 12, what is -ab - 3?
-b2
In base 6, what is -5 + 125?
120
In base 6, what is 14054 - -4?
14102
In base 13, what is 13 + -2b?
-18
In base 15, what is -1 - -72?
71
In base 15, what is 31 - -2e9?
32a
In base 14, what is -10 - -3?
-b
In base 10, what is 74 - -246?
320
In base 4, what is 3 + -110232?
-110223
In base 6, what is 2 - -2041?
2043
In base 10, what is 1071 + -3?
1068
In base 14, what is 6 - -1d9?
201
In base 15, what is -e + 1a?
b
In base 4, what is -3 - 313?
-322
In base 13, what is -74 - 26?
-9a
In base 3, what is 0 + -1212121?
-1212121
In base 6, what is -1 - 103?
-104
In base 11, what is -8 + 1?
-7
In base 4, what is -301 - -102?
-133
In base 4, what is 0 + 1233?
1233
In base 9, what is 4484 - -5?
4500
In base 5, what is 32 - 4344?
-4312
In base 8, what is -420 - 3?
-423
In base 7, what is 2 + -2633?
-2631
In base 14, what is -6 - d7?
-dd
In base 7, what is -3 + -1336?
-1342
In base 14, what is da + -2c?
ac
In base 9, what is -1 - -2104?
2103
In base 10, what is -40 + -9?
-49
In base 13, what is -2 + 45?
43
In base 12, what is b2 + -5?
a9
In base 15, what is 2 + -455?
-453
In base 3, what is 1 + -2121000?
-2120222
In base 2, what is 10 + -10010000011?
-10010000001
In base 15, what is -1 + -a?
-b
In base 16, what is 3 + 8?
b
In base 3, what is -222221101 + 0?
-222221101
In base 9, what is 5 - -265?
271
In base 10, what is 111 - 3?
108
In base 9, what is -61 + 4?
-56
In base 11, what is 2 + 90?
92
In base 6, what is -4 - -1033?
1025
In base 7, what is -24 + 1044?
1020
In base 9, what is -1325 - -2?
-1323
In base 15, what is -4 + 14b0?
14ab
In base 5, what is 101124 + 2?
101131
In base 8, what is -24 + -2?
-26
In base 16, what is -42 + 2?
-40
In base 10, what is -19750 + -3?
-19753
In base 14, what is -4 - -39?
35
In base 7, what is 1 - -24?
25
In base 8, what is -2457 - -4?
-2453
In base 5, what is 10 + -124?
-114
In base 9, what is -54 + 25?
-28
In base 15, what is 8 - 22?
-19
In base 10, what is -16 + 10?
-6
In base 15, what is -2 - 101?
-103
In base 3, what is 12 - 12?
0
In base 5, what is 110 + 43?
203
In base 5, what is 1 - -2214?
2220
In base 10, what is -4 - 1543?
-1547
In base 2, what is -110 - 110000111?
-110001101
In base 10, what is 3935 + -1?
3934
In base 6, what is -35051 - 0?
-35051
In base 13, what is -1 + -793?
-794
In base 14, what is -17d + 2?
-17b
In base 10, what is 1 - -69?
70
In base 2, what is -1 + 10000010001?
10000010000
In base 12, what is 57a6 + -2?
57a4
In base 14, what is 19 + 1d5?
210
In base 7, what is 3 - -64?
100
In base 3, what is -1000222 + 10?
-1000212
In base 9, what is 24 - -3?
27
In base 2, what is -11111 + -1001?
-101000
In base 11, what is 53 - a0?
-48
In base 11, what is 7 - -28?
34
In base 4, what is 1103 - -2023?
3132
In base 11, what is -19 + -13?
-31
In base 9, what is 4 + -775?
-771
In base 2, what is -111 - 1?
-1000
In base 11, what is 3 - 484?
-481
In base 11, what is -88 + 3?
-85
In base 7, what is -1650 + 2?
-1645
In base 2, what is -111 - -11000?
10001
In base 10, what is 4 + -294?
-290
In base 10, what is 5 + -1310?
-1305
In base 13, what is -116 + 3?
-113
In base 2, what is -1101100001 - -1?
-1101100000
In base 10, what is 4 - 1?
3
In base 16, what is -5 - -24?
1f
In base 10, what is -3 - -173?
170
In base 7, what is -26250 + -2?
-26252
In base 12, what is -3 - -310?
309
In base 3, what is 1220 - -2211?
11201
In base 2, what is 111 + -101110?
-100111
In base 6, what is -1053 - 1?
-1054
In base 13, what is -279 - -3?
-276
In base 16, what is -58 - b?
-63
In base 11, what is 169 + a?
178
In base 8, what is -210 - -30?
-160
In base 12, what is -105 + 2?
-103
In base 15, what is 4 - 168?
-164
In base 3, what is -220201011 - -11?
-220201000
In base 3, what is -1010 - 20?
-1100
In base 6, what is 24 + 31?
55
In base 9, what is -450 - -3?
-446
In base 3, what is 12 + 221021?
221110
In base 5, what is -1144 - -3?
-1141
In base 3, what is -10 - 2?
-12
In base 2, what is 10011100010000 - 11?
10011100001101
In base 13, what is -a3 - -38?
-68
In base 2, what is -10000010 - 10?
-10000100
In base 9, what is -54 + -56?
-121
In base 14, what is 10 + 2d?
3d
In base 15, what is -1b - -3?
-18
In base 8, what is -3 + 5354?
5351
In base 4, what is 33 + -123?
-30
In base 9, what is -33 - 21?
-54
In base 8, what is -1 - 1657?
-1660
In base 13, what is 19 - -3?
1c
In base 4, what is -1301 - 122?
-2023
In base 14, what is 1b1 + -4?
1ab
In base 4, what is -1 - 200032?
-200033
In base 10, what is -156 + -1?
-157
In base 13, what is 86 - 3?
83
In base 8, what is -27 - 172?
-221
In base 9, what is 23 - -36?
60
In base 9, what is -35 + -61?
-106
In base 6, what is -314 + -235?
-553
In base 10, what is 12 + -26?
-14
In base 9, what is -422 - 2?
-424
In base 7, what is 222 + 3?
225
In base 3, what is -12000122 + 11?
-12000111
In base 8, what is -30 - -207?
157
In base 4, what is 231 - -220?
1111
In base 5, what is 414 + -13?
401
In base 8, what is -30 - 24?
-54
In base 13, what is -640 - -3?
-63a
In base 10, what is 11 - -77?
88
In base 5, what is 11203 + 2?
11210
In base 4, what is -1 + -32?
-33
In base 8, what is 4455 + -1?
4454
In base 14, what is 1d - -cb?
10a
In base 7, what is 1503 + 3?
1506
In base 11, what is -2 + 25a?
258
In base 12, what is -20 + -968?
-988
In base 3, what is -10200100 + 11?
-10200012
In base 8, what is 10 + 44?
54
In base 15, what is 700 - -3?
703
In base 11, what is -25 - 44?
-69
In base 7, what is -305 - -4?
-301
In base 4, what is 32200 + -10?
32130
In base 15, what is -14 + 54?
40
In base 13, what is 4 + 36?
3a
In base 2, what is -11010110001010 + -1?
-11010110001011
In base 5, what is -3 + -133?
-141
In base 4, what is -2232 + 3?
-2223
In base 5, what is -3341 + 10?
-3331
In base 3, what is 10 - 1212?
-1202
In base 15, what is 17 + 7?
1e
In base 10, what is -1 - -191?
190
In base 3, what is 10001101 - 1?
10001100
In base 7, what is -1646 - -4?
-1642
In base 7, what is 512 + -2?
510
In base 5, what is -44 + 241?
142
In base 16, what is 60 - 29?
37
In base 8, what is -1 + -36?
-37
In base 14, what is 1 + -6c2?
-6c1
In base 7, what is -10 - -405?
365
In base 15, what is -7 - 437?
-43e
In base 4, what is 10 + 33?
103
In base 3, what is 20110 - 10?
20100
In base 16, what is -f4 - 4?
-f8
In base 9, what is 88 + 1?
100
In base 8, what is 0 + 2342?
2342
In base 7, what is -1 + -22550?
-22551
In base 15, what is 16 - -7a?
91
In base 14, what is 158b - 4?
1587
In base 13, what is 5 - 18c9?
-18c4
In base 11, what is -22 - 143?
-165
In base 15, what is -17 + 100?
d8
In base 8, what is 16 - 74?
-56
In base 2, what is 1101 - -1?
1110
In base 15, what is 3 - 12a?
-127
In base 9, what is 12 + -1272?
-1260
In base 5, what is 101412 + 4?
101421
In base 8, what is 5645 + -7?
5636
In base 11, what is 20 - 12?
9
In base 7, what is -2 - 234?
-236
In base 10, what is 9 - 479?
-470
In base 10, what is -244 + 4?
-240
In base 7, what is -2 + 116?
114
In base 11, what is 1803 + -1?
1802
In base 11, what is -1 - 12?
-13
In base 7, what is 5 - -20024?
20032
In base 16, what is -3 + 743?
740
In base 5, what is -1 - 112224?
-112230
In base 16, what is 23 + -1f?
4
In base 3, what is 2120 - 21?
2022
In base 7, what is 0 - 5221?
-5221
In base 15, what is -3c94 + -5?
-3c99
In base 4, what is -2232230 + -3?
-2232233
In base 10, what is 562 + 0?
562
In base 3, what is 110020 - 12?
110001
In base 4, what is -332 + -230?
-1222
In base 10, what is 25 + 11?
36
In base 7, what is 15 + 205?
223
In base 11, what is 17 - -8?
24
In base 16, what is 3 - -c2?
c5
In base 16, what is -3 + -6?
-9
In base 7, what is -11 - 5?
-16
In base 13, what is -8 - -12?
7
In base 7, what is -542 + 2?
-540
In base 10, what is -5 - 2687?
-2692
In base 12, what is 40b + -1?
40a
In base 7, what is 340 - -3?
343
In base 10, what is -6 - -46?
40
In base 16, what is 1 + 17c?
17d
I